{"id":113,"date":"2023-07-04T16:23:56","date_gmt":"2023-07-04T16:23:56","guid":{"rendered":"https:\/\/blauigris.com\/?page_id=113"},"modified":"2024-08-02T15:46:12","modified_gmt":"2024-08-02T15:46:12","slug":"sobre-nosaltres","status":"publish","type":"page","link":"https:\/\/blauigris.com\/index.php\/sobre-nosaltres\/","title":{"rendered":"sobre nosaltres"},"content":{"rendered":"\t\t<div data-elementor-type=\"wp-page\" data-elementor-id=\"113\" class=\"elementor elementor-113\">\n\t\t\t\t\t\t<section class=\"elementor-section elementor-top-section elementor-element elementor-element-9db20c8 elementor-section-boxed elementor-section-height-default elementor-section-height-default\" data-id=\"9db20c8\" data-element_type=\"section\" data-e-type=\"section\">\n\t\t\t\t\t\t<div class=\"elementor-container elementor-column-gap-default\">\n\t\t\t\t\t<div class=\"elementor-column elementor-col-50 elementor-top-column elementor-element elementor-element-9d8912f\" data-id=\"9d8912f\" data-element_type=\"column\" data-e-type=\"column\">\n\t\t\t<div class=\"elementor-widget-wrap elementor-element-populated\">\n\t\t\t\t\t\t<div class=\"elementor-element elementor-element-9de95d5 elementor-widget elementor-widget-image\" data-id=\"9de95d5\" data-element_type=\"widget\" data-e-type=\"widget\" data-widget_type=\"image.default\">\n\t\t\t\t<div class=\"elementor-widget-container\">\n\t\t\t\t\t\t\t\t\t\t\t\t\t\t\t<img fetchpriority=\"high\" decoding=\"async\" width=\"800\" height=\"533\" src=\"https:\/\/blauigris.com\/wp-content\/uploads\/2023\/10\/fotografes-professionals-palamos-girona-1024x682.jpeg\" class=\"attachment-large size-large wp-image-719\" alt=\"\" srcset=\"https:\/\/blauigris.com\/wp-content\/uploads\/2023\/10\/fotografes-professionals-palamos-girona-1024x682.jpeg 1024w, https:\/\/blauigris.com\/wp-content\/uploads\/2023\/10\/fotografes-professionals-palamos-girona-300x200.jpeg 300w, https:\/\/blauigris.com\/wp-content\/uploads\/2023\/10\/fotografes-professionals-palamos-girona-768x512.jpeg 768w, https:\/\/blauigris.com\/wp-content\/uploads\/2023\/10\/fotografes-professionals-palamos-girona-1536x1023.jpeg 1536w, https:\/\/blauigris.com\/wp-content\/uploads\/2023\/10\/fotografes-professionals-palamos-girona-24x16.jpeg 24w, https:\/\/blauigris.com\/wp-content\/uploads\/2023\/10\/fotografes-professionals-palamos-girona-36x24.jpeg 36w, https:\/\/blauigris.com\/wp-content\/uploads\/2023\/10\/fotografes-professionals-palamos-girona-48x32.jpeg 48w, https:\/\/blauigris.com\/wp-content\/uploads\/2023\/10\/fotografes-professionals-palamos-girona.jpeg 1600w\" sizes=\"(max-width: 800px) 100vw, 800px\" \/>\t\t\t\t\t\t\t\t\t\t\t\t\t\t\t<\/div>\n\t\t\t\t<\/div>\n\t\t\t\t\t<\/div>\n\t\t<\/div>\n\t\t\t\t<div class=\"elementor-column elementor-col-50 elementor-top-column elementor-element elementor-element-e4871dd\" data-id=\"e4871dd\" data-element_type=\"column\" data-e-type=\"column\">\n\t\t\t<div class=\"elementor-widget-wrap elementor-element-populated\">\n\t\t\t\t\t\t<div class=\"elementor-element elementor-element-40fccba elementor-widget elementor-widget-text-editor\" data-id=\"40fccba\" data-element_type=\"widget\" data-e-type=\"widget\" data-widget_type=\"text-editor.default\">\n\t\t\t\t<div class=\"elementor-widget-container\">\n\t\t\t\t\t\t\t\t\t<p><strong>Benvinguts!<\/strong><\/p><p>Som la Paula i la Cristina i les dues hem creat Blauigris.<\/p><p><span style=\"color: var( --e-global-color-text ); font-size: 1rem;\">Un equip creatiu compost per dues fot\u00f2grafes multidisciplinaries.<\/span><\/p><p>La nostra col\u00b7laboraci\u00f3 sorgeix d\u2019una connexi\u00f3 amb l\u2019art de capturar instants i explicar hist\u00f2ries a trav\u00e9s de la c\u00e0mera.\u00a0<\/p><p>Busquem plasmar la vida en totes les seves formes, des de la subtilesa del m\u00e9s petit detall fins a la grandesa dels paisatges m\u00e9s bonics del m\u00f3n.<\/p><p>Fotografia \u00b7 V\u00eddeo<\/p>\t\t\t\t\t\t\t\t<\/div>\n\t\t\t\t<\/div>\n\t\t\t\t\t<\/div>\n\t\t<\/div>\n\t\t\t\t\t<\/div>\n\t\t<\/section>\n\t\t\t\t<section class=\"elementor-section elementor-top-section elementor-element elementor-element-cf56776 elementor-section-boxed elementor-section-height-default elementor-section-height-default\" data-id=\"cf56776\" data-element_type=\"section\" data-e-type=\"section\">\n\t\t\t\t\t\t<div class=\"elementor-container elementor-column-gap-default\">\n\t\t\t\t\t<div class=\"elementor-column elementor-col-100 elementor-top-column elementor-element elementor-element-6b31f38\" data-id=\"6b31f38\" data-element_type=\"column\" data-e-type=\"column\">\n\t\t\t<div class=\"elementor-widget-wrap\">\n\t\t\t\t\t\t\t<\/div>\n\t\t<\/div>\n\t\t\t\t\t<\/div>\n\t\t<\/section>\n\t\t\t\t<\/div>\n\t\t","protected":false},"excerpt":{"rendered":"<p>Benvinguts! Som la Paula i la Cristina i les dues hem creat Blauigris. Un equip creatiu compost per dues fot\u00f2grafes multidisciplinaries. La nostra col\u00b7laboraci\u00f3 sorgeix d\u2019una connexi\u00f3 amb l\u2019art de capturar instants i explicar hist\u00f2ries a trav\u00e9s de la c\u00e0mera.\u00a0 Busquem plasmar la vida en totes les seves formes, des de la subtilesa del m\u00e9s [&hellip;]<\/p>\n","protected":false},"author":1,"featured_media":0,"parent":0,"menu_order":0,"comment_status":"closed","ping_status":"closed","template":"elementor_header_footer","meta":{"footnotes":""},"class_list":["post-113","page","type-page","status-publish","hentry"],"_links":{"self":[{"href":"https:\/\/blauigris.com\/index.php\/wp-json\/wp\/v2\/pages\/113","targetHints":{"allow":["GET"]}}],"collection":[{"href":"https:\/\/blauigris.com\/index.php\/wp-json\/wp\/v2\/pages"}],"about":[{"href":"https:\/\/blauigris.com\/index.php\/wp-json\/wp\/v2\/types\/page"}],"author":[{"embeddable":true,"href":"https:\/\/blauigris.com\/index.php\/wp-json\/wp\/v2\/users\/1"}],"replies":[{"embeddable":true,"href":"https:\/\/blauigris.com\/index.php\/wp-json\/wp\/v2\/comments?post=113"}],"version-history":[{"count":34,"href":"https:\/\/blauigris.com\/index.php\/wp-json\/wp\/v2\/pages\/113\/revisions"}],"predecessor-version":[{"id":937,"href":"https:\/\/blauigris.com\/index.php\/wp-json\/wp\/v2\/pages\/113\/revisions\/937"}],"wp:attachment":[{"href":"https:\/\/blauigris.com\/index.php\/wp-json\/wp\/v2\/media?parent=113"}],"curies":[{"name":"wp","href":"https:\/\/api.w.org\/{rel}","templated":true}]}}

<div data-elementor-type="wp-page" data-elementor-id="113" class="elementor elementor-113">
						<section class="elementor-section elementor-top-section elementor-element elementor-element-9db20c8 elementor-section-boxed elementor-section-height-default elementor-section-height-default" data-id="9db20c8" data-element_type="section" data-e-type="section">
						<div class="elementor-container elementor-column-gap-default">
					<div class="elementor-column elementor-col-50 elementor-top-column elementor-element elementor-element-9d8912f" data-id="9d8912f" data-element_type="column" data-e-type="column">
			<div class="elementor-widget-wrap elementor-element-populated">
						<div class="elementor-element elementor-element-9de95d5 elementor-widget elementor-widget-image" data-id="9de95d5" data-element_type="widget" data-e-type="widget" data-widget_type="image.default">
				<div class="elementor-widget-container">
															<img fetchpriority="high" decoding="async" width="800" height="533" src="https://blauigris.com/wp-content/uploads/2023/10/fotografes-professionals-palamos-girona-1024x682.jpeg" class="attachment-large size-large wp-image-719" alt="" srcset="https://blauigris.com/wp-content/uploads/2023/10/fotografes-professionals-palamos-girona-1024x682.jpeg 1024w, https://blauigris.com/wp-content/uploads/2023/10/fotografes-professionals-palamos-girona-300x200.jpeg 300w, https://blauigris.com/wp-content/uploads/2023/10/fotografes-professionals-palamos-girona-768x512.jpeg 768w, https://blauigris.com/wp-content/uploads/2023/10/fotografes-professionals-palamos-girona-1536x1023.jpeg 1536w, https://blauigris.com/wp-content/uploads/2023/10/fotografes-professionals-palamos-girona-24x16.jpeg 24w, https://blauigris.com/wp-content/uploads/2023/10/fotografes-professionals-palamos-girona-36x24.jpeg 36w, https://blauigris.com/wp-content/uploads/2023/10/fotografes-professionals-palamos-girona-48x32.jpeg 48w, https://blauigris.com/wp-content/uploads/2023/10/fotografes-professionals-palamos-girona.jpeg 1600w" sizes="(max-width: 800px) 100vw, 800px" />															</div>
				</div>
					</div>
		</div>
				<div class="elementor-column elementor-col-50 elementor-top-column elementor-element elementor-element-e4871dd" data-id="e4871dd" data-element_type="column" data-e-type="column">
			<div class="elementor-widget-wrap elementor-element-populated">
						<div class="elementor-element elementor-element-40fccba elementor-widget elementor-widget-text-editor" data-id="40fccba" data-element_type="widget" data-e-type="widget" data-widget_type="text-editor.default">
				<div class="elementor-widget-container">
									<p><strong>Benvinguts!</strong></p><p>Som la Paula i la Cristina i les dues hem creat Blauigris.</p><p><span style="color: var( --e-global-color-text ); font-size: 1rem;">Un equip creatiu compost per dues fotògrafes multidisciplinaries.</span></p><p>La nostra col·laboració sorgeix d’una connexió amb l’art de capturar instants i explicar històries a través de la càmera. </p><p>Busquem plasmar la vida en totes les seves formes, des de la subtilesa del més petit detall fins a la grandesa dels paisatges més bonics del món.</p><p>Fotografia · Vídeo</p>								</div>
				</div>
					</div>
		</div>
					</div>
		</section>
				<section class="elementor-section elementor-top-section elementor-element elementor-element-cf56776 elementor-section-boxed elementor-section-height-default elementor-section-height-default" data-id="cf56776" data-element_type="section" data-e-type="section">
						<div class="elementor-container elementor-column-gap-default">
					<div class="elementor-column elementor-col-100 elementor-top-column elementor-element elementor-element-6b31f38" data-id="6b31f38" data-element_type="column" data-e-type="column">
			<div class="elementor-widget-wrap">
							</div>
		</div>
					</div>
		</section>
				</div>

<p>Benvinguts! Som la Paula i la Cristina i les dues hem creat Blauigris. Un equip creatiu compost per dues fotògrafes multidisciplinaries. La nostra col·laboració sorgeix d’una connexió amb l’art de capturar instants i explicar històries a través de la càmera.  Busquem plasmar la vida en totes les seves formes, des de la subtilesa del més [&hellip;]</p>
